
{"id":397,"date":"2021-05-10T13:09:03","date_gmt":"2021-05-10T13:09:03","guid":{"rendered":"http:\/\/mariehecart.com\/?page_id=397"},"modified":"2021-06-03T09:44:14","modified_gmt":"2021-06-03T09:44:14","slug":"les-services","status":"publish","type":"page","link":"https:\/\/mariehecart.com\/index.php\/les-services\/","title":{"rendered":"Les services"},"content":{"rendered":"\t\t<div data-elementor-type=\"wp-page\" data-elementor-id=\"397\" class=\"elementor elementor-397\" data-elementor-post-type=\"page\">\n\t\t\t\t\t\t<section class=\"elementor-section elementor-top-section elementor-element elementor-element-9211ccc elementor-section-boxed elementor-section-height-default elementor-section-height-default\" data-id=\"9211ccc\" data-element_type=\"section\">\n\t\t\t\t\t\t<div class=\"elementor-container elementor-column-gap-default\">\n\t\t\t\t\t<div class=\"elementor-column elementor-col-100 elementor-top-column elementor-element elementor-element-eb7ce13\" data-id=\"eb7ce13\" data-element_type=\"column\">\n\t\t\t<div class=\"elementor-widget-wrap elementor-element-populated\">\n\t\t\t\t\t\t<div class=\"elementor-element elementor-element-174598d elementor-widget elementor-widget-spacer\" data-id=\"174598d\" data-element_type=\"widget\" data-widget_type=\"spacer.default\">\n\t\t\t\t<div class=\"elementor-widget-container\">\n\t\t\t\t\t\t\t<div class=\"elementor-spacer\">\n\t\t\t<div class=\"elementor-spacer-inner\"><\/div>\n\t\t<\/div>\n\t\t\t\t\t\t<\/div>\n\t\t\t\t<\/div>\n\t\t\t\t\t<\/div>\n\t\t<\/div>\n\t\t\t\t\t<\/div>\n\t\t<\/section>\n\t\t\t\t<section class=\"elementor-section elementor-top-section elementor-element elementor-element-bff89e2 elementor-section-boxed elementor-section-height-default elementor-section-height-default\" data-id=\"bff89e2\" data-element_type=\"section\">\n\t\t\t\t\t\t<div class=\"elementor-container elementor-column-gap-default\">\n\t\t\t\t\t<div class=\"elementor-column elementor-col-50 elementor-top-column elementor-element elementor-element-2e36439\" data-id=\"2e36439\" data-element_type=\"column\">\n\t\t\t<div class=\"elementor-widget-wrap elementor-element-populated\">\n\t\t\t\t\t\t<div class=\"elementor-element elementor-element-c66ef35 elementor-widget elementor-widget-image\" data-id=\"c66ef35\" data-element_type=\"widget\" data-widget_type=\"image.default\">\n\t\t\t\t<div class=\"elementor-widget-container\">\n\t\t\t\t\t\t\t\t\t\t\t\t\t\t\t<img fetchpriority=\"high\" decoding=\"async\" width=\"800\" height=\"614\" src=\"https:\/\/mariehecart.com\/wp-content\/uploads\/2021\/06\/Stephex-Masters-1024x786.jpg\" class=\"attachment-large size-large wp-image-961\" alt=\"\" srcset=\"https:\/\/mariehecart.com\/wp-content\/uploads\/2021\/06\/Stephex-Masters-1024x786.jpg 1024w, https:\/\/mariehecart.com\/wp-content\/uploads\/2021\/06\/Stephex-Masters-300x230.jpg 300w, https:\/\/mariehecart.com\/wp-content\/uploads\/2021\/06\/Stephex-Masters-768x589.jpg 768w, https:\/\/mariehecart.com\/wp-content\/uploads\/2021\/06\/Stephex-Masters-1536x1178.jpg 1536w, https:\/\/mariehecart.com\/wp-content\/uploads\/2021\/06\/Stephex-Masters.jpg 2048w\" sizes=\"(max-width: 800px) 100vw, 800px\" \/>\t\t\t\t\t\t\t\t\t\t\t\t\t\t\t<\/div>\n\t\t\t\t<\/div>\n\t\t\t\t\t<\/div>\n\t\t<\/div>\n\t\t\t\t<div class=\"elementor-column elementor-col-50 elementor-top-column elementor-element elementor-element-757c8f7\" data-id=\"757c8f7\" data-element_type=\"column\">\n\t\t\t<div class=\"elementor-widget-wrap elementor-element-populated\">\n\t\t\t\t\t\t<div class=\"elementor-element elementor-element-8f50bde elementor-widget elementor-widget-text-editor\" data-id=\"8f50bde\" data-element_type=\"widget\" data-widget_type=\"text-editor.default\">\n\t\t\t\t<div class=\"elementor-widget-container\">\n\t\t\t\t\t\t\t\t\t<p>Marie et son \u00e9quipe sont bas\u00e9s \u00e0 Chamant, en France.<br \/>D\u2019avril \u00e0 novembre, offrant des \u00e9curies au Haras de Plaisance, une belle propri\u00e9t\u00e9 situ\u00e9e \u00e0 20 minutes de l&#8217;a\u00e9roport international Charles de Gaulle et \u00e0 60 kilom\u00e8tres du centre de Paris. Pendant ces mois, elle concourt et entra\u00eene dans des concours hippiques internationaux en France, Belgique, Hollande, Italie, Portugal, Espagne. Elle se concentre \u00e9galement sur le d\u00e9veloppement des jeunes chevaux et l\u2019\u00e9levage.<\/p><p>Apr\u00e8s avoir concouru quelques semaines \u00e0 Oliva Nova, en Espagne, \u00e0 l&#8217;automne, Marie voyage avec des chevaux aux \u00c9tats-Unis pour le Wellington Equestrian Festival.<\/p>\t\t\t\t\t\t\t\t<\/div>\n\t\t\t\t<\/div>\n\t\t\t\t\t<\/div>\n\t\t<\/div>\n\t\t\t\t\t<\/div>\n\t\t<\/section>\n\t\t\t\t<section class=\"elementor-section elementor-top-section elementor-element elementor-element-42f17e7 elementor-section-boxed elementor-section-height-default elementor-section-height-default\" data-id=\"42f17e7\" data-element_type=\"section\">\n\t\t\t\t\t\t<div class=\"elementor-container elementor-column-gap-default\">\n\t\t\t\t\t<div class=\"elementor-column elementor-col-100 elementor-top-column elementor-element elementor-element-ddcb957\" data-id=\"ddcb957\" data-element_type=\"column\">\n\t\t\t<div class=\"elementor-widget-wrap elementor-element-populated\">\n\t\t\t\t\t\t<div class=\"elementor-element elementor-element-743f91d elementor-widget elementor-widget-spacer\" data-id=\"743f91d\" data-element_type=\"widget\" data-widget_type=\"spacer.default\">\n\t\t\t\t<div class=\"elementor-widget-container\">\n\t\t\t\t\t\t\t<div class=\"elementor-spacer\">\n\t\t\t<div class=\"elementor-spacer-inner\"><\/div>\n\t\t<\/div>\n\t\t\t\t\t\t<\/div>\n\t\t\t\t<\/div>\n\t\t\t\t<div class=\"elementor-element elementor-element-6b760d4 elementor-widget elementor-widget-heading\" data-id=\"6b760d4\" data-element_type=\"widget\" data-widget_type=\"heading.default\">\n\t\t\t\t<div class=\"elementor-widget-container\">\n\t\t\t\t\t<h2 class=\"elementor-heading-title elementor-size-default\">Nos Services<\/h2>\t\t\t\t<\/div>\n\t\t\t\t<\/div>\n\t\t\t\t<div class=\"elementor-element elementor-element-78d5d8c elementor-widget-divider--view-line elementor-widget elementor-widget-divider\" data-id=\"78d5d8c\" data-element_type=\"widget\" data-widget_type=\"divider.default\">\n\t\t\t\t<div class=\"elementor-widget-container\">\n\t\t\t\t\t\t\t<div class=\"elementor-divider\">\n\t\t\t<span class=\"elementor-divider-separator\">\n\t\t\t\t\t\t<\/span>\n\t\t<\/div>\n\t\t\t\t\t\t<\/div>\n\t\t\t\t<\/div>\n\t\t\t\t<div class=\"elementor-element elementor-element-bc1c840 elementor-widget elementor-widget-spacer\" data-id=\"bc1c840\" data-element_type=\"widget\" data-widget_type=\"spacer.default\">\n\t\t\t\t<div class=\"elementor-widget-container\">\n\t\t\t\t\t\t\t<div class=\"elementor-spacer\">\n\t\t\t<div class=\"elementor-spacer-inner\"><\/div>\n\t\t<\/div>\n\t\t\t\t\t\t<\/div>\n\t\t\t\t<\/div>\n\t\t\t\t\t<\/div>\n\t\t<\/div>\n\t\t\t\t\t<\/div>\n\t\t<\/section>\n\t\t\t\t<section class=\"elementor-section elementor-top-section elementor-element elementor-element-0f6b2af elementor-section-boxed elementor-section-height-default elementor-section-height-default\" data-id=\"0f6b2af\" data-element_type=\"section\">\n\t\t\t\t\t\t<div class=\"elementor-container elementor-column-gap-default\">\n\t\t\t\t\t<div class=\"elementor-column elementor-col-100 elementor-top-column elementor-element elementor-element-202a05e\" data-id=\"202a05e\" data-element_type=\"column\">\n\t\t\t<div class=\"elementor-widget-wrap elementor-element-populated\">\n\t\t\t\t\t\t<div class=\"elementor-element elementor-element-cc1ac5c elementor-widget elementor-widget-heading\" data-id=\"cc1ac5c\" data-element_type=\"widget\" data-widget_type=\"heading.default\">\n\t\t\t\t<div class=\"elementor-widget-container\">\n\t\t\t\t\t<h3 class=\"elementor-heading-title elementor-size-default\">Pension<\/h3>\t\t\t\t<\/div>\n\t\t\t\t<\/div>\n\t\t\t\t<div class=\"elementor-element elementor-element-07b6b46 elementor-widget elementor-widget-text-editor\" data-id=\"07b6b46\" data-element_type=\"widget\" data-widget_type=\"text-editor.default\">\n\t\t\t\t<div class=\"elementor-widget-container\">\n\t\t\t\t\t\t\t\t\t<p>Nous proposons la pension compl\u00e8te en France toute l&#8217;ann\u00e9e et \u00e0 court terme pendant la saison estivale et la pension compl\u00e8te \u00e0 Wellington aux \u00c9tats-Unis de d\u00e9cembre \u00e0 avril. Nous assurons \u00e9galement la logistique dans les deux endroits, y compris les concours hippiques, le transport, etc\u2026<\/p>\t\t\t\t\t\t\t\t<\/div>\n\t\t\t\t<\/div>\n\t\t\t\t<div class=\"elementor-element elementor-element-31d2d9c elementor-widget elementor-widget-spacer\" data-id=\"31d2d9c\" data-element_type=\"widget\" data-widget_type=\"spacer.default\">\n\t\t\t\t<div class=\"elementor-widget-container\">\n\t\t\t\t\t\t\t<div class=\"elementor-spacer\">\n\t\t\t<div class=\"elementor-spacer-inner\"><\/div>\n\t\t<\/div>\n\t\t\t\t\t\t<\/div>\n\t\t\t\t<\/div>\n\t\t\t\t<div class=\"elementor-element elementor-element-8b65fc1 elementor-widget elementor-widget-heading\" data-id=\"8b65fc1\" data-element_type=\"widget\" data-widget_type=\"heading.default\">\n\t\t\t\t<div class=\"elementor-widget-container\">\n\t\t\t\t\t<h3 class=\"elementor-heading-title elementor-size-default\"><span style=\"color: var( --e-global-color-accent );font-family: var( --e-global-typography-primary-font-family ), Sans-serif;font-size: 1.75rem;font-weight: var( --e-global-typography-primary-font-weight )\">Entrainements<\/span><\/h3>\t\t\t\t<\/div>\n\t\t\t\t<\/div>\n\t\t\t\t<div class=\"elementor-element elementor-element-bbbb5da elementor-widget elementor-widget-text-editor\" data-id=\"bbbb5da\" data-element_type=\"widget\" data-widget_type=\"text-editor.default\">\n\t\t\t\t<div class=\"elementor-widget-container\">\n\t\t\t\t\t\t\t\t\t<p>Nous formons des jeunes chevaux ainsi que des cavaliers de tous niveaux jusqu&#8217;au niveau Grand Prix. Nous d\u00e9veloppons un programme individuel pour chaque cheval bas\u00e9 sur les exp\u00e9riences de Marie et les objectifs du propri\u00e9taire.<\/p>\t\t\t\t\t\t\t\t<\/div>\n\t\t\t\t<\/div>\n\t\t\t\t<div class=\"elementor-element elementor-element-80f01ca elementor-widget elementor-widget-spacer\" data-id=\"80f01ca\" data-element_type=\"widget\" data-widget_type=\"spacer.default\">\n\t\t\t\t<div class=\"elementor-widget-container\">\n\t\t\t\t\t\t\t<div class=\"elementor-spacer\">\n\t\t\t<div class=\"elementor-spacer-inner\"><\/div>\n\t\t<\/div>\n\t\t\t\t\t\t<\/div>\n\t\t\t\t<\/div>\n\t\t\t\t\t<\/div>\n\t\t<\/div>\n\t\t\t\t\t<\/div>\n\t\t<\/section>\n\t\t\t\t<\/div>\n\t\t","protected":false},"excerpt":{"rendered":"<p>Marie et son \u00e9quipe sont bas\u00e9s \u00e0 Chamant, en France.D\u2019avril \u00e0 novembre, offrant des \u00e9curies au Haras de Plaisance, une belle propri\u00e9t\u00e9 situ\u00e9e \u00e0 20 minutes de l&#8217;a\u00e9roport international Charles de Gaulle et \u00e0 60 kilom\u00e8tres du centre de Paris. Pendant ces mois, elle concourt et entra\u00eene dans des concours hippiques internationaux en France, Belgique, [&hellip;]<\/p>\n","protected":false},"author":1,"featured_media":0,"parent":0,"menu_order":0,"comment_status":"closed","ping_status":"closed","template":"","meta":{"_monsterinsights_skip_tracking":false,"_monsterinsights_sitenote_active":false,"_monsterinsights_sitenote_note":"","_monsterinsights_sitenote_category":0,"footnotes":""},"class_list":["post-397","page","type-page","status-publish","hentry"],"_links":{"self":[{"href":"https:\/\/mariehecart.com\/index.php\/wp-json\/wp\/v2\/pages\/397","targetHints":{"allow":["GET"]}}],"collection":[{"href":"https:\/\/mariehecart.com\/index.php\/wp-json\/wp\/v2\/pages"}],"about":[{"href":"https:\/\/mariehecart.com\/index.php\/wp-json\/wp\/v2\/types\/page"}],"author":[{"embeddable":true,"href":"https:\/\/mariehecart.com\/index.php\/wp-json\/wp\/v2\/users\/1"}],"replies":[{"embeddable":true,"href":"https:\/\/mariehecart.com\/index.php\/wp-json\/wp\/v2\/comments?post=397"}],"version-history":[{"count":22,"href":"https:\/\/mariehecart.com\/index.php\/wp-json\/wp\/v2\/pages\/397\/revisions"}],"predecessor-version":[{"id":964,"href":"https:\/\/mariehecart.com\/index.php\/wp-json\/wp\/v2\/pages\/397\/revisions\/964"}],"wp:attachment":[{"href":"https:\/\/mariehecart.com\/index.php\/wp-json\/wp\/v2\/media?parent=397"}],"curies":[{"name":"wp","href":"https:\/\/api.w.org\/{rel}","templated":true}]}}